 317183851 composite?
True
Is 95546424329 a composite number?
False
Is 3120858713 prime?
False
Is 60902484821 a prime number?
True
Is 4723209769 composite?
False
Is 11871631529 composite?
True
Is 375121819477 a composite number?
True
Is 6142510747 prime?
True
Is 4237885049 composite?
True
Is 96304885018 a composite number?
True
Is 1218865633 a prime number?
True
Is 162343097741 a prime number?
False
Is 110427451847 composite?
False
Is 861406115 a prime number?
False
Is 2453333809 a prime number?
False
Is 18376811767 a prime number?
False
Is 6344657003 prime?
True
Is 825205291 composite?
True
Is 6594727511 prime?
True
Is 14497570889 composite?
False
Is 358367953 a prime number?
True
Is 8065621603 a composite number?
True
Is 14417631197 a composite number?
True
Is 163443109 composite?
True
Is 75642880369 a prime number?
False
Is 1523105009 composite?
False
Is 8167675543 composite?
False
Is 35838343511 a composite number?
False
Is 7286625757 a prime number?
True
Is 3735605851 a prime number?
False
Is 8485543817 a prime number?
True
Is 24366563371 a prime number?
True
Is 10830145153 composite?
True
Is 99769487 a prime number?
True
Is 112216501379 prime?
False
Is 20301207359 a prime number?
False
Is 829448201 a prime number?
False
Is 2073383329 prime?
True
Is 17346699541 prime?
False
Is 330697901 prime?
False
Is 2066434973 prime?
False
Is 12800685431 a composite number?
False
Is 1108754539 a composite number?
True
Is 7073794682 composite?
True
Is 14320167449 a prime number?
False
Is 159028638257 a prime number?
False
Is 3181666253 a prime number?
True
Is 5443135777 prime?
True
Is 2414406031 a composite number?
False
Is 3327962987 composite?
False
Is 339213151 composite?
True
Is 40635496361 a composite number?
True
Is 40460360459 prime?
False
Is 4292092303 composite?
True
Is 23702810933 prime?
False
Is 806223661 prime?
True
Is 283009003 prime?
True
Is 7634334713 a composite number?
True
Is 1445206313 prime?
True
Is 37357816103 prime?
False
Is 2012659049 a composite number?
True
Is 9307551823 composite?
False
Is 125204199 a composite number?
True
Is 1914673517 a prime number?
True
Is 5164923281 a prime number?
False
Is 16871061971 a composite number?
False
Is 268406890039 composite?
False
Is 679320757 composite?
False
Is 1798626301 a prime number?
True
Is 1074259273 prime?
False
Is 415073507 a prime number?
False
Is 28458761 prime?
False
Is 1231889521 prime?
False
Is 20944820599 composite?
False
Is 3727498909 prime?
True
Is 1283464855 a composite number?
True
Is 130347089 a prime number?
False
Is 36457998719 a prime number?
True
Is 15050022226 prime?
False
Is 1318158473 a composite number?
True
Is 146540123 a prime number?
True
Is 821940467 composite?
False
Is 371940248221 composite?
False
Is 3452721837 composite?
True
Is 6651849499 prime?
True
Is 664895411 prime?
True
Is 699438953 prime?
False
Is 847109149 prime?
False
Is 318053429 prime?
True
Is 27415939 prime?
True
Is 88194761857 composite?
False
Is 31356136073 composite?
False
Is 26553661421 composite?
True
Is 3964578587 a prime number?
False
Is 64973551513 a prime number?
False
Is 741621219 composite?
True
Is 26787592319 a prime number?
True
Is 2336033707 a composite number?
True
Is 207927409 prime?
True
Is 1621760291 a composite number?
True
Is 2565076577 a composite number?
True
Is 6174598847 a composite number?
True
Is 997623553 a composite number?
False
Is 21765101 composite?
False
Is 635245573 composite?
True
Is 13603587229 a prime number?
True
Is 6480481349 prime?
False
Is 17202247289 a composite number?
True
Is 17084757587 a composite number?
False
Is 5057168093 a prime number?
True
Is 5341253 prime?
True
Is 3983331563 a prime number?
True
Is 7133068391 a prime number?
True
Is 13430047297 composite?
False
Is 26287828811 prime?
True
Is 9214870141 prime?
True
Is 8235012541 prime?
False
Is 8755723237 a composite number?
True
Is 130689812791 prime?
False
Is 3452138211 prime?
False
Is 58809456487 a prime number?
True
Is 5317842395 prime?
False
Is 782792173 prime?
False
Is 467659453 a composite number?
True
Is 21885525959 a prime number?
False
Is 21709689323 a composite number?
True
Is 29611524741 a prime number?
False
Is 9311848879 a composite number?
True
Is 8555359 a composite number?
False
Is 278681749 prime?
True
Is 16765206233 a prime number?
True
Is 9722480237 a prime number?
True
Is 5676200953 a prime number?
True
Is 35547723719 prime?
False
Is 1499422747 prime?
True
Is 26902952749 a composite number?
False
Is 2789733523 prime?
True
Is 1346086271 composite?
True
Is 41775411407 composite?
False
Is 26595334679 a composite number?
False
Is 4882773613 a composite number?
False
Is 5044357501 a composite number?
False
Is 12244713823 a composite number?
True
Is 36367759 prime?
False
Is 1158236165 composite?
True
Is 38466708443 a composite number?
False
Is 4824316279 a prime number?
False
Is 273866167 a composite number?
False
Is 2146619129 a composite number?
False
Is 15361618787 composite?
True
Is 6941687491 prime?
False
Is 39675030067 a prime number?
False
Is 2528016721 a prime number?
False
Is 8330468059 composite?
False
Is 7176735901 composite?
False
Is 28122707959 prime?
False
Is 1576182151 prime?
True
Is 6156272999 a composite number?
False
Is 448967387 prime?
False
Is 89319114047 prime?
False
Is 1506206605 composite?
True
Is 17802934937 prime?
False
Is 147211573 a prime number?
True
Is 19470564643 a prime number?
False
Is 863385727 a prime number?
True
Is 4097934437 composite?
True
Is 528022631 prime?
True
Is 1184389705 prime?
False
Is 409336073 a prime number?
False
Is 7731059285 prime?
False
Is 9389277487 composite?
True
Is 2090996329 a prime number?
True
Is 356835649 prime?
True
Is 1498518439 a composite number?
True
Is 420719919 a composite number?
True
Is 15863890033 a composite number?
True
Is 35107346837 a composite number?
False
Is 506165203 a prime number?
False
Is 630764537 composite?
True
Is 145213169 a composite number?
False
Is 22264958983 a composite number?
False
Is 87455706473 a composite number?
True
Is 392494858493 a prime number?
True
Is 16139653 a composite number?
True
Is 49965151 composite?
False
Is 2394799189 a composite number?
False
Is 3315551137 a composite number?
False
Is 352584107 composite?
False
Is 150103807837 prime?
True
Is 543977723 a prime number?
False
Is 2231913143 a prime number?
False
Is 311190833 composite?
False
Is 847701301 prime?
True
Is 2694431009 a composite number?
True
Is 922831427 composite?
True
Is 1445010101 composite?
True
Is 3361475837 composite?
False
Is 5610651133 a composite number?
False
Is 754867621 a composite number?
False
Is 22796971243 prime?
False
Is 27784612573 composite?
False
Is 105596655163 a composite number?
True
Is 157872527 composite?
False
Is 432508955401 a composite number?
False
Is 2716010447 a composite number?
False
Is 21161501261 prime?
True
Is 20203540221 composite?
True
Is 186618996307 composite?
False
Is 618928067 composite?
True
Is 48961655909 composite?
False
Is 36686853977 a prime number?
True
Is 920063479 a prime number?
True
Is 7354119167 a composite number?
False
Is 444826253 prime?
True
Is 1678591279 a prime number?
True
Is 1239423091 prime?
True
Is 12350263507 a prime number?
False
Is 23283593 a composite number?
False
Is 2942704969 prime?
True
Is 5246836477 a composite number?
False
Is 10766669345 a composite number?
True
Is 23615918969 prime?
True
Is 109162189 composite?
False
Is 300704423 composite?
False
Is 8750827363 composite?
False
Is 129378227 a prime number?
False
Is 949721209 composite?
False
Is 1286200129 prime?
True
Is 430256335 a prime number?
False
Is 4258040989 a prime number?
False
Is 23806683359 composite?
False
Is 5845852307 a prime number?
False
Is 1809193361 a prime number?
True
Is 20414233003 prime?
True
Is 221816467 composite?
False
Is 3001815331 composite?
True
Is 4297429 a prime number?
True
Is 14059884253 a prime number?
True
Is 16156785193 a prime number?
False
Is 2676123049 composite?
False
Is 5496781663 prime?
True
Is 5523012721 a composite number?
False
Is 659941469 composite?
True
Is 1721888957 prime?
True
Is 6399198203 prime?
False
Is 4545674191 prime?
True
Is 1654015687 composite?
False
Is 1040937179 composite?
False
Is 500687447 prime?
False
Is 4826051 a composite